18.
9
Calculate the remainder when 42852 is divided by 529.
3
What is the remainder when 21126 is divided by 399?
378
Calculate the remainder when 334826 is divided by 25755.
11
What is the remainder when 656193 is divided by 12?
9
Calculate the remainder when 43149 is divided by 315.
309
What is the remainder when 3561 is divided by 129?
78
Calculate the remainder when 18129 is divided by 211.
194
Calculate the remainder when 68261 is divided by 59.
57
Calculate the remainder when 339468 is divided by 111.
30
Calculate the remainder when 830 is divided by 278.
274
What is the remainder when 73248 is divided by 1263?
1257
What is the remainder when 382336 is divided by 20?
16
What is the remainder when 1231 is divided by 489?
253
Calculate the remainder when 315047 is divided by 53.
15
Calculate the remainder when 10104 is divided by 79.
71
Calculate the remainder when 665358 is divided by 561.
12
What is the remainder when 4159 is divided by 1386?
1
Calculate the remainder when 9509 is divided by 470.
109
Calculate the remainder when 6130 is divided by 516.
454
Calculate the remainder when 452 is divided by 36.
20
Calculate the remainder when 1441 is divided by 133.
111
What is the remainder when 8499 is divided by 1059?
27
Calculate the remainder when 6339 is divided by 111.
12
What is the remainder when 51110 is divided by 51061?
49
What is the remainder when 1941 is divided by 477?
33
Calculate the remainder when 6117 is divided by 3051.
15
What is the remainder when 3851 is divided by 222?
77
What is the remainder when 22630 is divided by 22?
14
Calculate the remainder when 35863 is divided by 35796.
67
Calculate the remainder when 19748 is divided by 679.
57
What is the remainder when 11567 is divided by 2489?
1611
Calculate the remainder when 137 is divided by 29.
21
Calculate the remainder when 4568118 is divided by 17.
14
Calculate the remainder when 554033 is divided by 47.
44
What is the remainder when 71902 is divided by 62?
44
Calculate the remainder when 163125 is divided by 1080.
45
What is the remainder when 278221 is divided by 26?
21
Calculate the remainder when 157894 is divided by 309.
304
What is the remainder when 1434 is divided by 513?
408
Calculate the remainder when 23846 is divided by 185.
166
Calculate the remainder when 139566 is divided by 6343.
20
What is the remainder when 25182 is divided by 59?
48
What is the remainder when 89175 is divided by 9?
3
Calculate the remainder when 1779 is divided by 252.
15
What is the remainder when 183666 is divided by 11?
10
Calculate the remainder when 454027 is divided by 892.
891
What is the remainder when 648465 is divided by 64?
17
Calculate the remainder when 13887 is divided by 89.
3
Calculate the remainder when 140936 is divided by 23487.
14
What is the remainder when 5165 is divided by 31?
19
What is the remainder when 26104 is divided by 1887?
1573
What is the remainder when 207999 is divided by 125?
124
What is the remainder when 934 is divided by 540?
394
Calculate the remainder when 439063 is divided by 238.
191
Calculate the remainder when 101171 is divided by 53.
47
What is the remainder when 1468 is divided by 730?
8
Calculate the remainder when 9482 is divided by 3155.
17
What is the remainder when 36904 is divided by 5266?
42
What is the remainder when 1208759 is divided by 840?
839
What is the remainder when 1621875 is divided by 180208?
3
What is the remainder when 21727 is divided by 32?
31
Calculate the remainder when 787270 is divided by 12.
10
What is the remainder when 909794 is divided by 19?
17
What is the remainder when 3141 is divided by 733?
209
What is the remainder when 297776 is divided by 338?
336
Calculate the remainder when 4523 is divided by 21.
8
Calculate the remainder when 4944 is divided by 10.
4
What is the remainder when 67732 is divided by 248?
28
What is the remainder when 5155 is divided by 259?
234
Calculate the remainder when 56659 is divided by 11.
9
Calculate the remainder when 451482 is divided by 23.
15
What is the remainder when 158594 is divided by 291?
290
What is the remainder when 2713815 is divided by 37?
13
Calculate the remainder when 95988 is divided by 3.
0
What is the remainder when 689160 is divided by 17?
14
What is the remainder when 2578 is divided by 788?
214
What is the remainder when 236219 is divided by 30?
29
Calculate the remainder when 131094 is divided by 917.
880
Calculate the remainder when 112485 is divided by 264.
21
What is the remainder when 52768 is divided by 538?
44
What is the remainder when 1180587 is divided by 354?
351
Calculate the remainder when 28296 is divided by 39.
21
What is the remainder when 8515 is divided by 49?
38
What is the remainder when 654582 is divided by 14?
12
Calculate the remainder when 68440 is divided by 351.
346
What is the remainder when 407525 is divided by 9?
5
Calculate the remainder when 16972 is divided by 4058.
740
What is the remainder when 5175 is divided by 1560?
495
What is the remainder when 80931 is divided by 269?
231
Calculate the remainder when 734 is divided by 734.
0
Calculate the remainder when 54998 is divided by 30.
8
What is the remainder when 253865 is divided by 63459?
29
What is the remainder when 17789 is divided by 64?
61
What is the remainder when 254989 is divided by 252?
217
Calculate the remainder when 384 is divided by 327.
57
Calculate the remainder when 1347 is divided by 297.
159
Calculate the remainder when 28397 is divided by 14192.
13
Calculate the remainder when 312941 is divided by 21.
20
What is the remainder when 89968 is divided by 111?
58
What is the remainder when 3160 is divided by 150?
10
What is the remainder when 129 is divided by 27?
21
What is the remainder when 16693 is divided by 179?
46
Calculate the remainder when 10278 is divided by 381.
372
Calculate the remainder when 3881 is divided by 1928.
25
What is the remainder when 1295841 is divided by 49?
36
Calculate the remainder when 1728 is divided by 771.
186
What is the remainder when 7013687 is divided by 744?
743
What is the remainder when 415671 is divided by 466?
465
Calculate the remainder when 2012 is divided by 269.
129
Calculate the remainder when 11716 is divided by 287.
236
Calculate the remainder when 618 is divided by 300.
18
What is the remainder when 961 is divided by 497?
464
What is the remainder when 19116 is divided by 1902?
96
Calculate the remainder when 5870 is divided by 64.
46
Calculate the remainder when 36727 is divided by 63.
61
What is the remainder when 18351 is divided by 114?
111
What is the remainder when 316251 is divided by 105407?
30
Calculate the remainder when 296734 is divided by 24.
22
Calculate the remainder when 649836 is divided by 233.
232
What is the remainder when 8319 is divided by 3?
0
What is the remainder when 1182 is divided by 585?
12
Calculate the remainder when 212183 is divided by 641.
12
Calculate the remainder when 9586 is divided by 876.
826
Calculate the remainder when 2147 is divided by 9.
5
What is the remainder when 15070 is divided by 78?
16
What is the remainder when 933 is divided by 53?
32
Calculate the remainder when 220941 is divided by 29.
19
Calculate the remainder when 20249 is divided by 263.
261
Calculate the remainder when 241 is divided by 120.
1
Calculate the remainder when 4052 is divided by 174.
50
Calculate the remainder when 172549 is divided by 1021.
0
What is the remainder when 3813 is divided by 307?
129
Calculate the remainder when 5544 is divided by 2700.
144
What is the remainder when 7683 is divided by 152?
83
Calculate the remainder when 1305269 is divided by 25.
19
Calculate the remainder when 7498 is divided by 750.
748
Calculate the remainder when 5449 is divided by 1044.
229
What is the remainder when 2779 is divided by 1021?
737
Calculate the remainder when 322 is divided by 243.
79
Calculate the remainder when 86728 is divided by 2343.
37
What is the remainder when 434 is divided by 32?
18
What is the remainder when 5984 is divided by 1195?
9
What is the remainder when 19795 is divided by 75?
70
What is the remainder when 3933 is divided by 438?
429
What is the remainder when 21271 is divided by 2101?
261
Calculate the remainder when 12929 is divided by 287.
14
What 